ime factors of 20045919?
3, 2297, 2909
List the prime factors of 59061493.
23, 2567891
List the prime factors of 116207071.
116207071
List the prime factors of 147347.
147347
What are the prime factors of 37280738?
2, 11, 1277, 1327
What are the prime factors of 9556764?
2, 3, 7, 16253
What are the prime factors of 50459259?
3, 127, 132439
List the prime factors of 252800439.
3, 84266813
List the prime factors of 2280056116.
2, 13, 17, 2579249
List the prime factors of 1514862289.
97, 149, 281, 373
What are the prime factors of 57138292?
2, 17, 840269
What are the prime factors of 28076776?
2, 7, 13, 38567
List the prime factors of 424959612.
2, 3, 7, 11, 459913
List the prime factors of 15712181.
15712181
What are the prime factors of 129637306?
2, 64818653
List the prime factors of 4020467846.
2, 73, 27537451
What are the prime factors of 378901701?
3, 23, 1830443
List the prime factors of 180815286.
2, 3, 19, 1586099
What are the prime factors of 162784860?
2, 3, 5, 7, 17, 3257
List the prime factors of 1509891325.
5, 71, 383, 2221
What are the prime factors of 31895687?
23, 293, 4733
List the prime factors of 3388081213.
11, 308007383
What are the prime factors of 106489949?
103, 191, 5413
What are the prime factors of 107273591?
751, 142841
List the prime factors of 114300537.
3, 13, 17, 172399
What are the prime factors of 45601192?
2, 7, 13, 62639
What are the prime factors of 1227443566?
2, 197, 487, 6397
What are the prime factors of 651914436?
2, 3, 17, 1171, 2729
What are the prime factors of 259114074?
2, 3, 71, 523, 1163
What are the prime factors of 178837363?
178837363
What are the prime factors of 22311700?
2, 5, 19, 11743
List the prime factors of 1308344732.
2, 327086183
List the prime factors of 997129675.
5, 47, 193, 4397
What are the prime factors of 92129354?
2, 107, 430511
List the prime factors of 20148751.
7, 283, 1453
List the prime factors of 345812595.
3, 5, 31, 569, 1307
List the prime factors of 302182601.
7, 59, 523, 1399
List the prime factors of 1564708332.
2, 3, 11, 541, 21911
List the prime factors of 40707094.
2, 2017, 10091
What are the prime factors of 576504339?
3, 192168113
What are the prime factors of 2050715332?
2, 512678833
List the prime factors of 62006714.
2, 7, 11, 53, 71, 107
What are the prime factors of 28313460?
2, 3, 5, 7, 23, 977
List the prime factors of 3553838898.
2, 3, 3089, 191747
What are the prime factors of 1928801778?
2, 3, 313, 1027051
List the prime factors of 1145874582.
2, 3, 23, 193, 14341
List the prime factors of 1774357619.
103, 1093, 15761
List the prime factors of 81631178.
2, 17, 2400917
What are the prime factors of 922100697?
3, 7, 14636519
List the prime factors of 3359133224.
2, 17, 109, 226601
List the prime factors of 1074983667.
3, 358327889
What are the prime factors of 16160759?
229, 70571
List the prime factors of 2476153339.
11, 269, 836821
List the prime factors of 208253420.
2, 5, 67, 155413
List the prime factors of 78553054.
2, 29, 373, 3631
List the prime factors of 2328058159.
7, 47511391
What are the prime factors of 347331837?
3, 19, 6093541
What are the prime factors of 5345288095?
5, 7, 152722517
List the prime factors of 19332380.
2, 5, 966619
What are the prime factors of 7617469?
233, 32693
List the prime factors of 325789814.
2, 7, 1031, 22571
List the prime factors of 1068701813.
499, 2141687
What are the prime factors of 989202220?
2, 5, 49460111
What are the prime factors of 316753680?
2, 3, 5, 47, 28081
What are the prime factors of 884501566?
2, 13, 19, 29, 2129
List the prime factors of 16974921.
3, 5658307
List the prime factors of 2912541609.
3, 17, 103, 554453
List the prime factors of 28279939.
43, 59, 71, 157
List the prime factors of 14275345.
5, 7, 31, 59, 223
List the prime factors of 71900287.
37, 1943251
What are the prime factors of 22025224?
2, 13, 211781
List the prime factors of 113464597.
9697, 11701
List the prime factors of 1339855287.
3, 3719, 120091
List the prime factors of 1149368716.
2, 29, 149, 66499
List the prime factors of 237764109.
3, 11, 37, 194729
What are the prime factors of 103994880?
2, 3, 5, 11, 1231
What are the prime factors of 767731176?
2, 3, 19, 187069
List the prime factors of 307405250.
2, 5, 37, 167, 199
What are the prime factors of 3881228375?
5, 43, 643, 1123
What are the prime factors of 228061325?
5, 9122453
What are the prime factors of 69884473?
69884473
List the prime factors of 5130572186.
2, 2565286093
List the prime factors of 42764731.
5647, 7573
What are the prime factors of 2318667386?
2, 7, 165619099
What are the prime factors of 564941777?
277, 2039501
List the prime factors of 1044575770.
2, 5, 7, 14922511
List the prime factors of 1421742606.
2, 3, 17, 193, 72221
List the prime factors of 6631010173.
2203, 3009991
List the prime factors of 214834949.
7, 239, 128413
What are the prime factors of 1362690975?
3, 5, 47, 193, 2003
What are the prime factors of 385975564?
2, 13, 37, 83, 2417
List the prime factors of 94666020.
2, 3, 5, 1577767
List the prime factors of 3011783344.
2, 443, 424913
List the prime factors of 190967904.
2, 3, 53, 12511
What are the prime factors of 17109795?
3, 5, 241, 4733
What are the prime factors of 1061057031?
3, 353685677
List the prime factors of 2852543067.
3, 11, 17, 107, 47521
What are the prime factors of 54217928?
2, 6777241
What are the prime factors of 3616308?
2, 3, 17, 19, 311
List the prime factors of 1035208342.
2, 7, 73943453
What are the prime factors of 835497964?
2, 7, 173, 997
List the prime factors of 23075404.
2, 11, 467, 1123
What are the prime factors of 1135061997?
3, 9391, 40289
List the prime factors of 5351913676.
2, 277, 4830247
What are the prime factors of 147744797?
449, 329053
List the prime factors of 4862597017.
37, 47, 2796203
What are the prime factors of 122813312?
2, 959479
What are the prime factors of 1820070261?
3, 823, 245723
What are the prime factors of 743083670?
2, 5, 7, 2347, 4523
List the prime factors of 2380911828.
2, 3, 151, 283, 4643
What are the prime factors of 4853527165?
5, 22367, 43399
What are the prime factors of 309515623?
23, 13457201
What are the prime factors of 102966235?
5, 1583, 13009
What are the prime factors of 526323606?
2, 3, 87720601
What are the prime factors of 81217398?
2, 3, 17, 503, 1583
List the prime factors of 32261976.
2, 3, 49787
What are the prime factors of 147274579?
147274579
List the prime factors of 2401092032.
2, 37517063
List the prime factors of 4478945086.
2, 7, 11, 17, 293, 5839
What are the prime factors of 574277559?
3, 137, 971, 1439
List the prime factors of 6335847382.
2, 3167923691
List the prime factors of 416820660.
2, 3, 5, 6947011
List the prime factors of 189716089.
189716089
List the prime factors of 1317622764.
2, 3, 7211, 15227
List the prime factors of 144568408.
2, 17, 43, 59, 419
List the prime factors of 1604412623.
11, 293, 497801
List the prime factors of 85058583.
3, 61, 464801
What are the prime factors of 349734530?
2, 5, 1451, 24103
What are the prime factors of 115182004?
2, 7, 17, 241979
What are the prime factors of 7785055687?
19, 41, 67, 149159
What are the prime factors of 2051025090?
2, 3, 5, 1601, 42703
List the prime factors of 690674435.
5, 11, 97, 129461
What are the prime factors of 13936988?
2, 13, 23, 43, 271
What are the prime factors of 1327172276?
2, 47, 211, 33457
List the prime factors of 15442828.
2, 577, 6691
What are the prime factors of 204666713?
43, 277, 17183
List the prime factors of 1526836048.
2, 19, 23, 139, 1571
What are the prime factors of 3587212?
2, 896803
What are the prime factors of 744274617?
3, 4583, 54133
List the prime factors of 68392539.
3, 37, 223, 307
List the prime factors of 29868234.
2, 3, 11, 452549
List the prime factors of 99865256.
2, 1307, 9551
List the prime factors of 88011032.
2, 71, 89, 1741
List the prime factors of 526327762.
2, 263163881
List the prime factors of 25757911.
3413, 7547
List the prime factors of 3622480.
2, 5, 45281
What are the prime factors of 102150445?
5, 173, 118093
What are the prime factors of 62308743?
3, 7, 423869
List the prime factors of 3749668946.
2, 4153, 451441
What are the prime factors of 27185484?
2, 3, 223, 10159
What are the prime factors of